{"id":114,"date":"2026-01-07T08:53:30","date_gmt":"2026-01-07T08:53:30","guid":{"rendered":"https:\/\/maisoncrouzet.fr\/index.php\/home-2\/"},"modified":"2026-03-22T23:20:19","modified_gmt":"2026-03-22T23:20:19","slug":"home-2","status":"publish","type":"page","link":"https:\/\/maisoncrouzet.fr\/","title":{"rendered":"Home"},"content":{"rendered":"<div class=\"wp-block-image\">\n<figure class=\"aligncenter size-large is-resized\" id=\"tracteur\"><img loading=\"lazy\" decoding=\"async\" width=\"1024\" height=\"471\" src=\"https:\/\/maisoncrouzet.fr\/wp-content\/uploads\/2026\/01\/tractor-1-1-1024x471.png\" alt=\"\" class=\"wp-image-441\" style=\"aspect-ratio:2.1720334531938104;object-fit:cover;width:232px;height:auto\" srcset=\"https:\/\/maisoncrouzet.fr\/wp-content\/uploads\/2026\/01\/tractor-1-1-1024x471.png 1024w, https:\/\/maisoncrouzet.fr\/wp-content\/uploads\/2026\/01\/tractor-1-1-300x138.png 300w, https:\/\/maisoncrouzet.fr\/wp-content\/uploads\/2026\/01\/tractor-1-1-768x354.png 768w, https:\/\/maisoncrouzet.fr\/wp-content\/uploads\/2026\/01\/tractor-1-1-1536x707.png 1536w, https:\/\/maisoncrouzet.fr\/wp-content\/uploads\/2026\/01\/tractor-1-1-600x276.png 600w, https:\/\/maisoncrouzet.fr\/wp-content\/uploads\/2026\/01\/tractor-1-1.png 1768w\" sizes=\"auto, (max-width: 1024px) 100vw, 1024px\" \/><\/figure>\n<\/div>\n\n\n<div style=\"height:46px\" aria-hidden=\"true\" class=\"wp-block-spacer\"><\/div>\n\n\n\n<figure class=\"wp-block-image size-full is-resized\"><img loading=\"lazy\" decoding=\"async\" width=\"54\" height=\"26\" src=\"https:\/\/maisoncrouzet.fr\/wp-content\/uploads\/2026\/01\/fi_6484201-1-2.png\" alt=\"\" class=\"wp-image-320\" style=\"aspect-ratio:2.0772797527047913;width:42px;height:auto\"\/><\/figure>\n\n\n\n<div class=\"wp-block-columns is-layout-flex wp-container-core-columns-is-layout-9d6595d7 wp-block-columns-is-layout-flex\">\n<div class=\"wp-block-column is-layout-flow wp-block-column-is-layout-flow\">\n<h3 class=\"wp-block-heading\"><strong><strong><strong>J\u00e9r\u00f4me Crouzet, le go\u00fbt du m\u00e9tier<\/strong><\/strong><\/strong><\/h3>\n\n\n\n<p><strong>Polyculteur-\u00e9leveur install\u00e9 \u00e0 Salon-de-Provence depuis 2018, il a fait le choix d\u2019une agriculture \u00e0 taille humaine, fond\u00e9e sur la vente directe et l\u2019autonomie.<\/strong><\/p>\n\n\n\n<p>\u00c9leveur par vocation, J\u00e9r\u00f4me cultive cette passion depuis l\u2019enfance. Apr\u00e8s plusieurs ann\u00e9es \u00e0 mener de front un emploi industriel et la ferme, il d\u00e9cide de s\u2019y consacrer pleinement et de construire un mod\u00e8le qui lui ressemble: \u00e9lever, produire, transformer et vendre lui-m\u00eame, sans d\u00e9pendre des coop\u00e9ratives.<\/p>\n\n\n\n<p>\u00c0 la ferme, il \u00e9l\u00e8ve des vaches et des cochons choisis pour la qualit\u00e9 de leur viande, travaille ses terres pour nourrir son troupeau et pratique la vente directe sur les march\u00e9s locaux et \u00e0 la ferme. Un mod\u00e8le exigeant, mais libre, o\u00f9 chaque \u00e9tape est ma\u00eetris\u00e9e.<\/p>\n\n\n\n<p>Maison Crouzet, c\u2019est le reflet de ce parcours: un travail honn\u00eate, ancr\u00e9 dans le territoire, guid\u00e9 par le go\u00fbt du bon produit et le respect du m\u00e9tier.<\/p>\n<\/div>\n\n\n\n<div class=\"wp-block-column is-vertically-aligned-center is-layout-flow wp-block-column-is-layout-flow\"><div class=\"wp-block-image\">\n<figure class=\"aligncenter size-full\"><img loading=\"lazy\" decoding=\"async\" width=\"778\" height=\"859\" src=\"https:\/\/maisoncrouzet.fr\/wp-content\/uploads\/2026\/01\/image-54-1.jpg\" alt=\"\" class=\"wp-image-470\" style=\"aspect-ratio:0.850290976530025\" srcset=\"https:\/\/maisoncrouzet.fr\/wp-content\/uploads\/2026\/01\/image-54-1.jpg 778w, https:\/\/maisoncrouzet.fr\/wp-content\/uploads\/2026\/01\/image-54-1-272x300.jpg 272w, https:\/\/maisoncrouzet.fr\/wp-content\/uploads\/2026\/01\/image-54-1-768x848.jpg 768w, https:\/\/maisoncrouzet.fr\/wp-content\/uploads\/2026\/01\/image-54-1-600x662.jpg 600w\" sizes=\"auto, (max-width: 778px) 100vw, 778px\" \/><\/figure>\n<\/div><\/div>\n<\/div>\n\n\n\n<figure class=\"wp-block-gallery aligncenter has-nested-images columns-4 is-cropped wp-block-gallery-1 is-layout-flex wp-block-gallery-is-layout-flex\" id=\"galery\">\n<figure class=\"wp-block-image size-full\"><img loading=\"lazy\" decoding=\"async\" width=\"781\" height=\"731\" data-id=\"850\" src=\"https:\/\/maisoncrouzet.fr\/wp-content\/uploads\/2026\/03\/image-30.jpg\" alt=\"\" class=\"wp-image-850\" style=\"aspect-ratio:1\" srcset=\"https:\/\/maisoncrouzet.fr\/wp-content\/uploads\/2026\/03\/image-30.jpg 781w, https:\/\/maisoncrouzet.fr\/wp-content\/uploads\/2026\/03\/image-30-300x281.jpg 300w, https:\/\/maisoncrouzet.fr\/wp-content\/uploads\/2026\/03\/image-30-768x719.jpg 768w, https:\/\/maisoncrouzet.fr\/wp-content\/uploads\/2026\/03\/image-30-600x562.jpg 600w\" sizes=\"auto, (max-width: 781px) 100vw, 781px\" \/><\/figure>\n\n\n\n<figure class=\"wp-block-image size-full\"><img loading=\"lazy\" decoding=\"async\" width=\"844\" height=\"731\" data-id=\"851\" src=\"https:\/\/maisoncrouzet.fr\/wp-content\/uploads\/2026\/03\/image-67.png\" alt=\"\" class=\"wp-image-851\" style=\"aspect-ratio:1\" srcset=\"https:\/\/maisoncrouzet.fr\/wp-content\/uploads\/2026\/03\/image-67.png 844w, https:\/\/maisoncrouzet.fr\/wp-content\/uploads\/2026\/03\/image-67-300x260.png 300w, https:\/\/maisoncrouzet.fr\/wp-content\/uploads\/2026\/03\/image-67-768x665.png 768w, https:\/\/maisoncrouzet.fr\/wp-content\/uploads\/2026\/03\/image-67-600x520.png 600w\" sizes=\"auto, (max-width: 844px) 100vw, 844px\" \/><\/figure>\n\n\n\n<figure class=\"wp-block-image size-full\"><img loading=\"lazy\" decoding=\"async\" width=\"890\" height=\"731\" data-id=\"852\" src=\"https:\/\/maisoncrouzet.fr\/wp-content\/uploads\/2026\/03\/image-17-1.jpg\" alt=\"\" class=\"wp-image-852\" style=\"aspect-ratio:1\" srcset=\"https:\/\/maisoncrouzet.fr\/wp-content\/uploads\/2026\/03\/image-17-1.jpg 890w, https:\/\/maisoncrouzet.fr\/wp-content\/uploads\/2026\/03\/image-17-1-300x246.jpg 300w, https:\/\/maisoncrouzet.fr\/wp-content\/uploads\/2026\/03\/image-17-1-768x631.jpg 768w, https:\/\/maisoncrouzet.fr\/wp-content\/uploads\/2026\/03\/image-17-1-600x493.jpg 600w\" sizes=\"auto, (max-width: 890px) 100vw, 890px\" \/><\/figure>\n\n\n\n<figure class=\"wp-block-image size-full\"><img loading=\"lazy\" decoding=\"async\" width=\"618\" height=\"731\" data-id=\"853\" src=\"https:\/\/maisoncrouzet.fr\/wp-content\/uploads\/2026\/03\/5e2c6e4c-5dca-4fef-8e55-2e3120bfde7e-2-1.jpg\" alt=\"\" class=\"wp-image-853\" style=\"aspect-ratio:1\" srcset=\"https:\/\/maisoncrouzet.fr\/wp-content\/uploads\/2026\/03\/5e2c6e4c-5dca-4fef-8e55-2e3120bfde7e-2-1.jpg 618w, https:\/\/maisoncrouzet.fr\/wp-content\/uploads\/2026\/03\/5e2c6e4c-5dca-4fef-8e55-2e3120bfde7e-2-1-254x300.jpg 254w, https:\/\/maisoncrouzet.fr\/wp-content\/uploads\/2026\/03\/5e2c6e4c-5dca-4fef-8e55-2e3120bfde7e-2-1-600x710.jpg 600w\" sizes=\"auto, (max-width: 618px) 100vw, 618px\" \/><\/figure>\n<\/figure>\n\n\n\n<div class=\"wp-block-columns has-white-color has-text-color has-background has-link-color wp-elements-45a6370961a4a4baa6e17e02bda41619 is-layout-flex wp-container-core-columns-is-layout-9d6595d7 wp-block-columns-is-layout-flex\" id=\"zero-nitrited-salt\" style=\"background-color:#94c11f\">\n<div class=\"wp-block-column is-layout-flow wp-block-column-is-layout-flow\"><div class=\"wp-block-image\">\n<figure class=\"alignright size-full is-resized\"><img loading=\"lazy\" decoding=\"async\" width=\"285\" height=\"285\" src=\"https:\/\/maisoncrouzet.fr\/wp-content\/uploads\/2026\/03\/image-33-1.png\" alt=\"\" class=\"wp-image-860\" style=\"width:130px\" srcset=\"https:\/\/maisoncrouzet.fr\/wp-content\/uploads\/2026\/03\/image-33-1.png 285w, https:\/\/maisoncrouzet.fr\/wp-content\/uploads\/2026\/03\/image-33-1-150x150.png 150w, https:\/\/maisoncrouzet.fr\/wp-content\/uploads\/2026\/03\/image-33-1-100x100.png 100w\" sizes=\"auto, (max-width: 285px) 100vw, 285px\" \/><\/figure>\n<\/div><\/div>\n\n\n\n<div class=\"wp-block-column is-layout-flow wp-block-column-is-layout-flow\">\n<h2 class=\"wp-block-heading\"><strong>Z\u00e9ro sel nitrit\u00e9<\/strong><\/h2>\n\n\n\n<p>Chez nous, <strong>pas de sel nitrit\u00e9<\/strong>.<br>On sale, on s\u00e8che, on attend.<br>La viande, le temps et le savoir-faire suffisent.<br>Le reste, on n\u2019en veut pas.<\/p>\n<\/div>\n<\/div>\n\n\n\n<div class=\"wp-block-columns has-white-color has-text-color has-background has-link-color wp-elements-c7f20122d6c3bc3eb22ba4e49f949573 is-layout-flex wp-container-core-columns-is-layout-9d6595d7 wp-block-columns-is-layout-flex\" id=\"zero-nitrited-salt\" style=\"background-color:#d35c00\">\n<div class=\"wp-block-column is-layout-flow wp-block-column-is-layout-flow\"><div class=\"wp-block-image\">\n<figure class=\"alignright size-full is-resized\"><img loading=\"lazy\" decoding=\"async\" width=\"286\" height=\"286\" src=\"https:\/\/maisoncrouzet.fr\/wp-content\/uploads\/2026\/03\/image-109.png\" alt=\"\" class=\"wp-image-861\" style=\"width:130px\" srcset=\"https:\/\/maisoncrouzet.fr\/wp-content\/uploads\/2026\/03\/image-109.png 286w, https:\/\/maisoncrouzet.fr\/wp-content\/uploads\/2026\/03\/image-109-150x150.png 150w, https:\/\/maisoncrouzet.fr\/wp-content\/uploads\/2026\/03\/image-109-100x100.png 100w\" sizes=\"auto, (max-width: 286px) 100vw, 286px\" \/><\/figure>\n<\/div><\/div>\n\n\n\n<div class=\"wp-block-column is-layout-flow wp-block-column-is-layout-flow\">\n<h2 class=\"wp-block-heading\"><strong>Haute Valeur Environnementale<\/strong><\/h2>\n\n\n\n<p>Ici, la terre compte autant que la b\u00eate.<br>On cultive, on nourrit, on \u00e9l\u00e8ve avec mesure.<br>Moins d\u2019intrants, plus de bon sens.<br>Produire bien, sans \u00e9puiser ce qui nous fait vivre.<\/p>\n<\/div>\n<\/div>\n\n\n\n<div class=\"wp-block-columns has-white-color has-text-color has-background has-link-color wp-elements-7da9efc350b62163c73da15228ea65e2 is-layout-flex wp-container-core-columns-is-layout-9d6595d7 wp-block-columns-is-layout-flex\" id=\"zero-nitrited-salt\" style=\"background-color:#d59a63\">\n<div class=\"wp-block-column is-layout-flow wp-block-column-is-layout-flow\"><div class=\"wp-block-image\">\n<figure class=\"alignright size-full is-resized\"><img loading=\"lazy\" decoding=\"async\" width=\"285\" height=\"285\" src=\"https:\/\/maisoncrouzet.fr\/wp-content\/uploads\/2026\/03\/image-108.png\" alt=\"\" class=\"wp-image-863\" style=\"width:130px\" srcset=\"https:\/\/maisoncrouzet.fr\/wp-content\/uploads\/2026\/03\/image-108.png 285w, https:\/\/maisoncrouzet.fr\/wp-content\/uploads\/2026\/03\/image-108-150x150.png 150w, https:\/\/maisoncrouzet.fr\/wp-content\/uploads\/2026\/03\/image-108-100x100.png 100w\" sizes=\"auto, (max-width: 285px) 100vw, 285px\" \/><\/figure>\n<\/div><\/div>\n\n\n\n<div class=\"wp-block-column is-layout-flow wp-block-column-is-layout-flow\">\n<h2 class=\"wp-block-heading\"><strong>Charcuterie sans phosphate<\/strong><\/h2>\n\n\n\n<p>Chez nous, <strong>pas de phosphate<\/strong>.<br>Pas d\u2019additif pour tricher avec la texture.<br>On travaille la mati\u00e8re, on respecte la recette.<br>La viande doit se tenir seule.<\/p>\n<\/div>\n<\/div>\n\n\n\n<div style=\"height:53px\" aria-hidden=\"true\" class=\"wp-block-spacer\"><\/div>\n\n\n<div class=\"wp-block-image\">\n<figure class=\"aligncenter size-large is-resized\" id=\"foin\"><img loading=\"lazy\" decoding=\"async\" width=\"1024\" height=\"506\" src=\"https:\/\/maisoncrouzet.fr\/wp-content\/uploads\/2026\/01\/Hay-1-1024x506.png\" alt=\"\" class=\"wp-image-438\" style=\"aspect-ratio:2.022725562495297;object-fit:contain;width:203px;height:auto\" srcset=\"https:\/\/maisoncrouzet.fr\/wp-content\/uploads\/2026\/01\/Hay-1-1024x506.png 1024w, https:\/\/maisoncrouzet.fr\/wp-content\/uploads\/2026\/01\/Hay-1-300x148.png 300w, https:\/\/maisoncrouzet.fr\/wp-content\/uploads\/2026\/01\/Hay-1-768x380.png 768w, https:\/\/maisoncrouzet.fr\/wp-content\/uploads\/2026\/01\/Hay-1-600x297.png 600w, https:\/\/maisoncrouzet.fr\/wp-content\/uploads\/2026\/01\/Hay-1.png 1517w\" sizes=\"auto, (max-width: 1024px) 100vw, 1024px\" \/><\/figure>\n<\/div>\n\n\n<div style=\"height:53px\" aria-hidden=\"true\" class=\"wp-block-spacer\"><\/div>\n\n\n\n<h2 class=\"wp-block-heading has-text-align-center\">Se rendre \u00e0 la ferme<\/h2>\n\n\n\n<div class=\"wp-block-columns is-layout-flex wp-container-core-columns-is-layout-9d6595d7 wp-block-columns-is-layout-flex\">\n<div class=\"wp-block-column is-layout-flow wp-block-column-is-layout-flow\" style=\"flex-basis:100%\">\n<iframe src=\"https:\/\/www.google.com\/maps\/embed?pb=!1m18!1m12!1m3!1d3002.738490556257!2d5.086477476140285!3d43.66404585172923!2m3!1f0!2f0!3f0!3m2!1i1024!2i768!4f13.1!3m3!1m2!1s0x12c9ff228a203f29%3A0xf8f2cb3f3abfacf4!2sJ%C3%A9r%C3%B4me%20Crouzet%20-%20Vente%20directe%20de%20viande!5e1!3m2!1sfr!2sfr!4v1769342311765!5m2!1sfr!2sfr\" width=\"100%\" height=\"750\" style=\"border:0;\" allowfullscreen=\"\" loading=\"lazy\" referrerpolicy=\"no-referrer-when-downgrade\"><\/iframe>\n<\/div>\n<\/div>\n","protected":false},"excerpt":{"rendered":"<p>J\u00e9r\u00f4me Crouzet, le go\u00fbt du m\u00e9tier Polyculteur-\u00e9leveur install\u00e9 \u00e0 Salon-de-Provence depuis 2018, il a fait le choix d\u2019une agriculture \u00e0 taille humaine, fond\u00e9e sur la vente directe et l\u2019autonomie. \u00c9leveur par vocation, J\u00e9r\u00f4me cultive cette passion depuis l\u2019enfance. Apr\u00e8s plusieurs ann\u00e9es \u00e0 mener de front un emploi industriel et la ferme, il d\u00e9cide de s\u2019y &hellip; <\/p>\n<p class=\"link-more\"><a href=\"https:\/\/maisoncrouzet.fr\/\" class=\"more-link\">Continue reading<span class=\"screen-reader-text\"> \u00ab\u00a0Home\u00a0\u00bb<\/span><\/a><\/p>\n","protected":false},"author":1,"featured_media":0,"parent":0,"menu_order":0,"comment_status":"closed","ping_status":"closed","template":"page-template\/home-page.php","meta":{"footnotes":""},"class_list":["post-114","page","type-page","status-publish","hentry"],"jetpack_sharing_enabled":true,"_links":{"self":[{"href":"https:\/\/maisoncrouzet.fr\/index.php\/wp-json\/wp\/v2\/pages\/114","targetHints":{"allow":["GET"]}}],"collection":[{"href":"https:\/\/maisoncrouzet.fr\/index.php\/wp-json\/wp\/v2\/pages"}],"about":[{"href":"https:\/\/maisoncrouzet.fr\/index.php\/wp-json\/wp\/v2\/types\/page"}],"author":[{"embeddable":true,"href":"https:\/\/maisoncrouzet.fr\/index.php\/wp-json\/wp\/v2\/users\/1"}],"replies":[{"embeddable":true,"href":"https:\/\/maisoncrouzet.fr\/index.php\/wp-json\/wp\/v2\/comments?post=114"}],"version-history":[{"count":46,"href":"https:\/\/maisoncrouzet.fr\/index.php\/wp-json\/wp\/v2\/pages\/114\/revisions"}],"predecessor-version":[{"id":866,"href":"https:\/\/maisoncrouzet.fr\/index.php\/wp-json\/wp\/v2\/pages\/114\/revisions\/866"}],"wp:attachment":[{"href":"https:\/\/maisoncrouzet.fr\/index.php\/wp-json\/wp\/v2\/media?parent=114"}],"curies":[{"name":"wp","href":"https:\/\/api.w.org\/{rel}","templated":true}]}}